digit of 13602091?
1
What is the hundred thousands digit of 532847?
5
What is the units digit of 14238761?
1
What is the thousands digit of 426881?
6
What is the hundreds digit of 5358998?
9
What is the ten thousands digit of 2549474?
4
What is the tens digit of 176461?
6
What is the thousands digit of 2225417?
5
What is the thousands digit of 684652?
4
What is the hundreds digit of 10991545?
5
What is the units digit of 23003864?
4
What is the tens digit of 19797?
9
What is the thousands digit of 172951?
2
What is the units digit of 557991?
1
What is the units digit of 466004?
4
What is the ten millions digit of 15100350?
1
What is the tens digit of 173738?
3
What is the hundred thousands digit of 571763?
5
What is the hundreds digit of 1196642?
6
What is the hundreds digit of 9380982?
9
What is the hundred thousands digit of 543185?
5
What is the ten thousands digit of 87715?
8
What is the millions digit of 1845148?
1
What is the hundreds digit of 1975013?
0
What is the units digit of 200018?
8
What is the millions digit of 2063377?
2
What is the thousands digit of 5690036?
0
What is the thousands digit of 14984?
4
What is the tens digit of 520801?
0
What is the tens digit of 3468371?
7
What is the hundred thousands digit of 287069?
2
What is the hundreds digit of 50450?
4
What is the thousands digit of 208179?
8
What is the thousands digit of 223227?
3
What is the ten thousands digit of 1134391?
3
What is the hundred thousands digit of 165008?
1
What is the units digit of 1656635?
5
What is the units digit of 6099365?
5
What is the thousands digit of 160036?
0
What is the units digit of 1077418?
8
What is the hundred thousands digit of 275659?
2
What is the hundred thousands digit of 184795?
1
What is the ten thousands digit of 106392?
0
What is the hundreds digit of 209166?
1
What is the thousands digit of 14020349?
0
What is the tens digit of 5355328?
2
What is the hundred thousands digit of 12752244?
7
What is the hundred thousands digit of 358107?
3
What is the units digit of 192454?
4
What is the millions digit of 4616883?
4
What is the hundred thousands digit of 2285387?
2
What is the ten thousands digit of 108927?
0
What is the hundred thousands digit of 3684681?
6
What is the hundreds digit of 206592?
5
What is the ten thousands digit of 131611?
3
What is the hundreds digit of 10756356?
3
What is the ten thousands digit of 860969?
6
What is the millions digit of 6085001?
6
What is the hundreds digit of 151218?
2
What is the hundreds digit of 460377?
3
What is the millions digit of 16424125?
6
What is the units digit of 238617?
7
What is the millions digit of 1153330?
1
What is the tens digit of 2176915?
1
What is the ten millions digit of 11095985?
1
What is the ten thousands digit of 325794?
2
What is the hundreds digit of 52183?
1
What is the hundred thousands digit of 8611801?
6
What is the ten thousands digit of 813965?
1
What is the hundreds digit of 384473?
4
What is the hundreds digit of 487880?
8
What is the thousands digit of 3381258?
1
What is the tens digit of 451411?
1
What is the tens digit of 230060?
6
What is the thousands digit of 268684?
8
What is the thousands digit of 2746323?
6
What is the units digit of 117898?
8
What is the tens digit of 18215664?
6
What is the ten thousands digit of 2516023?
1
What is the tens digit of 630253?
5
What is the hundred thousands digit of 388399?
3
What is the tens digit of 127878?
7
What is the hundreds digit of 8834448?
4
What is the hundred thousands digit of 2028367?
0
What is the millions digit of 2239254?
2
What is the thousands digit of 2823225?
3
What is the ten millions digit of 14547354?
1
What is the thousands digit of 426460?
6
What is the ten thousands digit of 1362989?
6
What is the millions digit of 12086090?
2
What is the thousands digit of 589313?
9
What is the units digit of 99938?
8
What is the ten thousands digit of 13733975?
3
What is the millions digit of 2921201?
2
What is the ten thousands digit of 291461?
9
What is the units digit of 104430?
0
What is the hundred thousands digit of 556804?
5
What is the units digit of 113908?
8
What is the hundreds digit of 32915289?
2
What is the hundred thousands digit of 28614516?
6
What is the tens digit of 7832853?
5
What is the hundreds digit of 17346463?
4
What is the millions digit of 3665373?
3
What is the units digit of 2112932?
2
What is the hundred thousands digit of 457561?
4
What is the ten thousands digit of 4674014?
7
What is the hundreds digit of 202950?
9
What is the thousands digit of 6680318?
0
What is the hundreds digit of 69642?
6
What is the hundred thousands digit of 4270663?
2
What is the hundreds digit of 109393?
3
What is the millions digit of 12052890?
2
What is the units digit of 1313402?
2
What is the hundreds digit of 998398?
3
What is the units digit of 659587?
7
What is the millions digit of 1616260?
1
What is the tens digit of 160226?
2
What is the millions digit of 8538493?
8
What is the millions digit of 1340285?
1
What is the units digit of 3310352?
2
What is the hundred thousands digit of 1051939?
0
What is the thousands digit of 170455?
0
What is the hundred thousands digit of 2591392?
5
What is the units digit of 8076069?
9
What is the ten thousands digit of 3951523?
5
What is the ten thousands digit of 11972859?
7
What is the hundreds digit of 1903049?
0
What is the units digit of 594675?
5
What is the units digit of 68048?
8
What is the tens digit of 7969000?
0
What is the hundreds digit of 2042406?
4
What is the hundreds digit of 67458?
4
What is the tens digit of 325363?
6
What is the millions digit of 7586684?
7
What is the units digit of 5406447?
7
What is the ten thousands digit of 1430134?
3
What is the hundreds digit of 431186?
1
What is the thousands digit of 7551788?
1
What is the hundred thousands digit of 2087173?
0
What is the thousands digit of 35945092?
5
What is the hundreds digit of 8585968?
9
What is the millions digit of 1061814?
1
What is the hundreds digit of 629858?
8
What is the ten thousands digit of 3772172?
7
What is the ten thousands digit of 3102500?
0
What is the hundreds digit of 593355?
3
What is the ten thousands digit of 191308?
9
What is the thousands digit of 32312?
2
What is the hundreds digit of 353134?
1
What is the tens digit of 267?
6
What is the ten thousands digit of 21586949?
8
What is the thousands digit of 1867975?
7
What is the millions digit of 1448627?
1
What is the units digit of 9550141?
1
What is the hundred thousands digit of 1757537?
7
What is the units digit of 211249?
9
What is the ten thousands digit of 6051887?
5
What is the millions digit of 2410559?
2
What is the units digit of 287838?
8
What is the units digit of 1867693?
3
What is the tens digit of 287114?
1
What is the thousands digit of 2418095?
8
What is the units digit of 13751261?
1
What is the ten thousands digit of 440383?
4
What is the thousands digit of 268253?
8
What is the millions digit of 22390455?
2
What is the thousands digit of 13349702?
9
What is the millions digit of 1433091?
1
What is the tens digit of 894688?
8
What is the hundreds digit of 76883?
8
What is the tens digit of 60081?
8
What is the thousands digit of 18173398?
3
What is the tens digit of 6254466?
6
What is the ten thousands digit of 1076250?
7
What is the tens digit of 254195?
9
What is the hundreds digit of 19496569?
5
What is the millions digit of 1354283?
1
What is the tens digit of 3312759?
5
What is the millions digit of 1614344?
1
What is the ten thousands digit of 5247063?
4
What is the thousands digit of 294017?
4
What is the tens digit of 852184?
8
What is the units digit of 2888963?
3
What is the hundred thousands digit of 8256014?
2
What is the thousands digit of 135947?
5
What is the units digit of 2808038?
8
What is the tens digit of 7061692?
9
What is the tens digit of 105659?
5
What is the tens digit of 598947?
4
What is the thousands digit of 64462?
4
What is the hundreds digit of 71123?
1
What is the thousands digit of 532232?
2
What is the hundred thousands digit of 12885380?
8
What is the thousands digit of 641434?
1
What is the units digit of 3353306?
6
What is the tens digit of 331699?
9
What is the hundreds digit of 103441?
4
What is the hundreds digit of 10848099